 - 2 + 8*v. Let y be b(-3). Let l = 11 - y. What is the greatest common divisor of 5 and l?
5
Let j = 11 + -3. Let b be 26/(-2) + 1 + 1. Let l = 15 + b. Calculate the highest common factor of j and l.
4
Let p be 1/(-3*2/(-378)). Suppose 3*v + 3*c - 8 = 37, 0 = 4*v + 5*c - p. Calculate the highest common factor of 132 and v.
12
Let n(b) = -b**3 - 3*b**2 - 3*b - 2. Let v be n(-3). Suppose -2*u = -v*u + 90. Let m be u/45 + 138/5. What is the greatest common divisor of 7 and m?
7
Let n = 11 + -6. Suppose 4*q - n = 11. Suppose -d + 4*d = -5*k + 547, q*k - d - 441 = 0. What is the highest common divisor of k and 10?
10
Let a(z) = z**3 + 2*z**2 + z. Let x be a(-1). Suppose -u = 3*c - 319, c + 2*c - 3*u - 339 = x. Calculate the highest common factor of 12 and c.
12
Suppose h = d + 45, -h - 3*d - 24 + 69 = 0. Let f be 1*6*h/6. Let u be 1/4 + 70/8. Calculate the greatest common factor of f and u.
9
Let p(j) = j**3 - j**2 + 25. Let a be p(0). What is the highest common factor of 175 and a?
25
Suppose 2*c = -t + 41, -3*c + 0*c - t + 64 = 0. Calculate the highest common factor of c and 368.
23
Let r(i) = -i**3 + 9*i**2 + i - 5. Let d be r(9). Suppose m + 0 = d. Calculate the greatest common factor of m and 10.
2
Suppose k + 336 = 3*k. What is the highest common divisor of k and 21?
21
Let o(m) = -m + 5. Let z be o(6). Let i(c) be the first derivative of -25*c**2/2 - c - 1. Let x be i(z). What is the highest common factor of 8 and x?
8
Suppose -u + 7*j - 2*j - 18 = 0, 5*u - 5*j = 10. What is the greatest common divisor of u and 63?
7
Let v be (-3 - (3 + -4))*-21. Calculate the greatest common divisor of 56 and v.
14
Let s = 87 + -78. What is the greatest common factor of s and 18?
9
Let r(c) = 19*c - 2. Let w be r(2). Suppose 0 = 5*d - 4*q - 262, 3*d - 2 = q + 158. Suppose 6*m = 3*m + d. Calculate the highest common divisor of w and m.
18
Suppose 3*c - 30 = 6. Suppose c = -3*v + 60. Let o = 13 - -35. What is the highest common divisor of v and o?
16
Suppose 4*u + 0*u - 108 = 0. Suppose 4*d + u - 79 = 0. Calculate the greatest common divisor of d and 65.
13
Suppose -13 = -6*p + 203. What is the highest common factor of p and 12?
12
Let u(h) = h**3 - 18*h**2 + 23. Let t be u(18). Calculate the highest common factor of t and 161.
23
Let k be (-2 - (-3)/6)*-12. Suppose 0*q = -3*q + k. Suppose f - 48 = -0*f. Calculate the greatest common factor of q and f.
6
Let x be 2/8 + (-1015)/(-20). Let w = x + -31. Calculate the greatest common divisor of w and 50.
10
Let j be (-2)/5 - (-306)/15. Suppose 66*o = 61*o + 50. What is the highest common divisor of o and j?
10
Let x(f) = 2 + 22*f - 1 - 9*f. Let m be x(1). Suppose 0*o - 2*o - 332 = -3*d, 0 = 5*d - 2*o - 556. Calculate the highest common factor of d and m.
14
Suppose 4*q = -k + 2*k + 8, k + q + 8 = 0. Suppose 3*n - 4*n - 13 = 0. Let f = k - n. What is the greatest common factor of f and 25?
5
Suppose 2*f = -2*f + 68. Suppose -2*b + 3*b - 4 = 0. Suppose 0 = -b*u - u + 680. What is the greatest common factor of f and u?
17
Let l = -41 - -93. Suppose -5*v - l = -3*z, -4*z - 4*v = z - 25. Suppose 5*o - 2*o + z = 3*c, 4*c - 2*o = 20. What is the greatest common divisor of c and 49?
7
Let g(p) = 34*p - 1. Let i be g(4). Let q be i/12*6*2. Suppose 0 = -2*n + 30. What is the greatest common factor of q and n?
15
Let h = 2 - 0. Let w be (-679)/(-21) - h/(-3). Calculate the greatest common factor of w and 22.
11
Let a be (6/18)/((-1)/(-51)). What is the highest common divisor of a and 85?
17
Let w be (-88)/(-55)*10/4. Calculate the highest common factor of w and 32.
4
Suppose 7 = 3*a - a - r, -5*a - 4*r - 2 = 0. Calculate the highest common divisor of 30 and a.
2
Suppose 4*k + 0*k = -5*y + 210, k + 235 = 5*y. Calculate the highest common factor of 115 and y.
23
Let s(d) = 8*d**2 - 31*d - 4. Let k be s(6). Calculate the greatest common divisor of 42 and k.
14
Let u(b) = b**2 - 8*b + 4. Let m be u(6). Let v be 46/m*2*-14. What is the highest common divisor of v and 23?
23
Suppose 8 = 3*v - 16. Let l = 3 - 1. Suppose b = 6*b - 3*w - 197, l*b = -3*w + 83. What is the highest common divisor of b and v?
8
Let k = 111 + -69. Calculate the greatest common divisor of 7 and k.
7
Let o be 13/3 - (-2)/3. Suppose -2*m = 1 + o, -4*d - 2*m = -62. Let f be (2 - 2) + 51 + 0. Calculate the greatest common divisor of f and d.
17
Suppose -2*r = 2*t, 4*t + 9 = 3*r - 5. Suppose -r*u = -u - 132. What is the greatest common factor of u and 12?
12
Let u(v) = 8*v - 4. Let j be u(3). Let o(p) = p - 6. Let s be o(6). Suppose s = -a + j - 9. Calculate the highest common factor of a and 33.
11
Suppose 6 = -5*n + 16. Suppose -12 = -2*z - n*t, -4*z + 33 + 1 = -t. Calculate the greatest common divisor of 24 and z.
8
Let r be (-20)/(-6)*(-36)/(-30). Let f(d) = -d**2 - 4*d - 4. Let p be f(-3). Let c = p + r. Calculate the greatest common divisor of c and 21.
3
Suppose 8*h - 3*h = 10. Suppose 2*x = 6, -h*x = -3*y + 216 + 42. Calculate the highest common factor of y and 11.
11
Let o(r) = r**3 - 9*r**2 + 9*r + 3. Let q be o(8). Let m = q - 6. Suppose 2*v + 12 = m*l - 66, -l = -5*v - 34. What is the greatest common factor of 7 and l?
7
Let w(d) = -d**2 + 6*d - 15. Let c be w(6). Let s = c - -22. What is the greatest common factor of s and 7?
7
Let o = -89 + 96. What is the greatest common factor of o and 14?
7
Let f be ((-8)/6)/(4/(-114)). Let h = -27 + f. Let w(i) = 3*i**2 + 3*i - 3. Let k be w(-4). What is the greatest common divisor of h and k?
11
Suppose 2 = 2*m - m. Let u be 2 + 1 - 20 - m. Let o be (u/(-3) - 2)*3. What is the highest common divisor of 91 and o?
13
Let p(y) = -y - 8. Let j be p(-12). What is the highest common factor of 20 and j?
4
Let f be 8 + (4 - 2 - 0). Let d be 12*((-1)/(-2) + 0). Let l(z) = z**3 - 6*z**2 + z - 2. Let o be l(d). Calculate the greatest common factor of f and o.
2
Let w(t) = 24*t - 6. Let x be w(4). Suppose 7*n - 12*n + 90 = 0. What is the highest common divisor of x and n?
18
Suppose y = -2*y + 225. Let c(o) = 5*o - 20. Let h be c(10). What is the greatest common divisor of h and y?
15
Let b(q) = 7*q - 3. Let d be b(3). Let f = 135 + d. What is the greatest common factor of f and 17?
17
Let r(u) = u**3 - 7*u**2 - 9*u + 8. Let z be r(8). Suppose -f + 9 = 2*m, z = -0*m - 2*m. Calculate the highest common divisor of f and 81.
9
Suppose 3*c = -2*z + 12, 0*z + 13 = 5*c + z. Suppose -v - 84 = -c*a - 3*v, 3*v - 168 = -4*a. Calculate the greatest common divisor of 6 and a.
6
Let l be ((-2)/3)/(2/(-3)). Let u(p) = 31*p**3 + p**2. Let s be u(l). Calculate the highest common factor of 4 and s.
4
Suppose -5*r + 104 = -26. Suppose -4*s + 86 = -r. What is the highest common factor of s and 4?
4
Let f = -15 - -22. Suppose 2*l + 65 = f*l. Let w(v) = 14*v + 6. Let y be w(7). What is the greatest common factor of l and y?
13
Suppose -g = -2*u + 34, -u + 0*g + 17 = 5*g. Calculate the greatest common factor of u and 136.
17
Suppose 3*c + 5*x = 62, -x + 22 = 3*c - 2*c. Let g be 1 - (-12)/(-1)*1. Let k = g - -17. Calculate the highest common factor of c and k.
6
Let k be 6/4*42/9. Calculate the highest common divisor of k and 77.
7
Suppose -j - 2*b - 59 = 0, -2*b - 2*b = 8. Let v = 239 + j. What is the highest common divisor of v and 23?
23
Let n = -20 + 44. Suppose -3 + 12 = 3*a. Calculate the greatest common divisor of n and a.
3
Let b = 0 + 7. Let t(w) = -2*w + 18. Let h be t(7). Let l = b - h. Calculate the highest common divisor of 15 and l.
3
Let i be ((-4)/3)/((-2)/294). Suppose -4 = 3*l - i. Let f(a) = -7*a + 2. Let q be f(-2). Calculate the highest common divisor of q and l.
16
Let h(a) = a + 8. Let u be h(-6). Suppose u*q - 12 = -q. Suppose q*z - 459 = z. What is the greatest common divisor of z and 17?
17
Let t be 1/(4/(-3)) + 215/20. Calculate the highest common divisor of t and 4.
2
Let m(v) = -v**3 + 17*v**2 - 16*v + 5. Let i be m(16). What is the highest common factor of 10 and i?
5
Let o(a) = a + 7. Let q be o(4). Let d = 166 - 45. Calculate the highest common divisor of q and d.
11
Suppose 4*o - 2 = -2*m, -6*o - 2 = -o + 4*m. Let a be (-2 + o - 3)*-3. Let h(d) = d**2 - 5*d - 5. Let s be h(7). Calculate the highest common factor of s and a.
9
Let p(i) = 20*i**2. Let s(v) = -v - 5. Let w be s(-3). Let k be (-12)/8*w/(-3).